be p(0). Suppose 4*a = q + 2*q + b, -t*q + 4*a + 3 = 0. Calculate the highest common factor of q and 1.
1
Let c = 140 - 112. Let v = 85 + -57. Calculate the greatest common divisor of c and v.
28
Suppose 5*i = -5*o + 130, -i - 1 = -5. Let q = -10 + 19. Let c be 200/q + (-16)/72. What is the greatest common divisor of c and o?
22
Let f = -166 - -312. Suppose 12*b - f = 166. What is the highest common factor of 13 and b?
13
Let q(n) = 17*n**2 + 18*n - 16. Let d be q(-5). What is the highest common factor of 145 and d?
29
Suppose -3*i = -r + 23, -3*r = -2*i + 6*i - 108. Let y be 6400/30*6/5. What is the highest common factor of r and y?
32
Suppose -4*a = -2*o - 0*a, -2*a - 4 = -2*o. Suppose -o*p + 2*p - 2 = 0. Let t be 4*p/3*-3. What is the greatest common divisor of t and 12?
4
Let r(d) = 3*d**3 - 17*d**2 + 15*d - 11. Let u be r(5). Calculate the highest common divisor of u and 2.
2
Suppose -27*k + 1232 = -16*k. Let f be 17 + (-2)/(-2) + -2. What is the highest common divisor of k and f?
16
Let x = 5514 - 5488. Suppose o = -77 + 311. Calculate the highest common factor of x and o.
26
Let o = -84 + 40. Suppose 0 = 3*r + 5*x - 176, -r + 34*x + 52 = 39*x. Let i = r + o. What is the greatest common divisor of i and 54?
18
Suppose 3*h = -4*h + 112. Let t = -13 + h. Let u(q) = 2*q + 5. Let i be u(8). What is the highest common divisor of t and i?
3
Let j(z) = -2*z + 21. Let i be j(8). Let q = -8 - -8. Suppose q = -x - x + 50. What is the greatest common factor of i and x?
5
Let u = -44 + 236. Let c be 1*-42*8/12. Let j = c + 52. Calculate the highest common factor of j and u.
24
Suppose -5*c + 25 = -25. What is the greatest common divisor of c and 15?
5
Let y be 67 + 1 + 21/(63/6). Let v(u) = 9*u + 1. Let l(p) = p - 4. Let d be l(7). Let w be v(d). What is the greatest common factor of y and w?
14
Suppose 3*g - 7 = 5. Let y be (-5 + 4)/(2/g). Let j be 0 + 113 - (y - -5). Calculate the greatest common divisor of 10 and j.
10
Let v(d) = 20*d**2 - 4*d - 3. Let h be v(-1). Let j = 43 + -1. What is the greatest common divisor of h and j?
21
Let p(n) = 2*n**2 - 6*n. Let k be p(7). Let j = -139 - -153. Calculate the highest common divisor of k and j.
14
Let i(b) = 18*b**2 - 1. Let n be i(-1). Suppose 3 + n = 5*f. Suppose -2*z + 197 = r, f*z = -r + 259 + 130. Calculate the greatest common divisor of z and 12.
12
Let y = -1120 - -1496. Calculate the greatest common factor of y and 4.
4
Suppose 2*s - 6*j - 927 = -3*j, -1386 = -3*s + 3*j. Calculate the greatest common divisor of s and 1071.
153
Suppose -4*c + 42 = -0*c + 3*z, 3*z - 6 = 0. Let s = -17 - c. Let y be s/(1 - 3) + 3. What is the greatest common divisor of y and 4?
4
Let x be (2/3 + 0)*3. Suppose -5*f = -y + 101, -5*f - 6*y + x*y = 96. Let q = -11 - f. Calculate the highest common factor of q and 72.
9
Let t(j) = -j**3 + j**2 + 19*j + 381. Let q be t(0). What is the greatest common factor of q and 3?
3
Let b(r) = 2*r**2 + 57*r - 8. Let p be b(-29). What is the highest common divisor of 14 and p?
7
Suppose -2*m = -3*m + 8. Let j be m/(-12) + (-254)/(-3). Let z(d) = -d**3 + 27*d**2 + 92*d - 32. Let a be z(30). What is the greatest common factor of a and j?
28
Let j = 1295 - 575. Calculate the highest common factor of j and 9.
9
Suppose 0 = -0*r + 4*r - 20. Suppose 0*q = -q + r*y + 195, 0 = q + 3*y - 171. What is the greatest common factor of q and 72?
36
Suppose -10 = 5*u, -j + 5*j - 5*u = 190. What is the highest common divisor of 9 and j?
9
Suppose b - 5 = 0, 0 = 4*c - 3*c + b - 6. Suppose c + 5 = p. Let s be 40*1*18/15. What is the highest common divisor of s and p?
6
Suppose -3*k + k + 894 = -4*n, -463 = -k - 2*n. What is the highest common factor of 35 and k?
35
Let s be 3/5 - ((-5816)/40 + 6). Calculate the highest common divisor of 80 and s.
20
Let f(q) = 2*q**2 - 13*q - 10. Let p be f(15). Calculate the greatest common factor of 105 and p.
35
Suppose 4*g - 6*s = -4*s + 22, 5*g + 4*s - 21 = 0. Suppose -4*j = g*j - 432. Calculate the greatest common factor of j and 32.
16
Suppose 46*f - 10 = 47*f. Let t be 206/14 + f/(-35). What is the highest common divisor of t and 15?
15
Let t = 5 - 3. Suppose 0*x + t*m = 4*x - 42, 3*x - 2*m = 32. Calculate the greatest common factor of 2 and x.
2
Let o be ((-48)/15 + 4)/(2/10). What is the highest common factor of 2 and o?
2
Let m(t) be the third derivative of -t**4/24 - t**3/6 - 15*t**2. Let p be m(7). Let r = 19 + p. What is the greatest common divisor of 22 and r?
11
Let k = 568 - 864. Let t = -176 - k. Calculate the highest common factor of t and 15.
15
Suppose -3564 = 132*b - 143*b. Calculate the greatest common divisor of b and 36.
36
Let u be (-1)/(8/(-20))*-14. Let i = 22 - u. Suppose -j = -i - 20. Calculate the greatest common divisor of j and 7.
7
Let c = 580 - 557. Calculate the highest common factor of 5 and c.
1
Suppose 4*j = 4*z + 276, 89 + 232 = 5*j + z. Calculate the greatest common divisor of j and 104.
13
Suppose 0*r = -j + 4*r + 125, -4*j = 5*r - 458. What is the highest common factor of j and 195?
39
Suppose 55*u - 18322 = -7322. Calculate the greatest common divisor of u and 850.
50
Let k = -2901 - -2904. What is the greatest common factor of 123 and k?
3
Let p(a) = a**3 + a**2 + 6*a - 6. Let c be p(3). What is the highest common factor of 288 and c?
48
Let u(q) = -7*q - 4. Let p be (-1)/4 + (-5)/(-20). Suppose -9*i + 4*i - 20 = p. Let k be u(i). What is the greatest common factor of 60 and k?
12
Let q(f) = -f + 2. Let o be q(2). Suppose 2*r - 16 - 8 = o. What is the greatest common divisor of 72 and r?
12
Let s = 769 - 764. Calculate the highest common factor of 51 and s.
1
Let x(l) = 3*l**2 + 8. Let g be x(8). Suppose 2*y + 3*y - g = 0. Let j = 132 + -127. What is the greatest common factor of y and j?
5
Let b be (314/(-5))/(2 - 228/95). Let x(o) = -32*o - 4. Let n be x(3). Let d = n + b. Calculate the greatest common divisor of d and 19.
19
Suppose -7 = 2*a + 1, q - 3*a = 14. Suppose 36 + 258 = q*d. What is the greatest common divisor of d and 21?
21
Let i = -347 + 487. Calculate the highest common factor of i and 100.
20
Let k(b) = 7*b - 1. Let p be k(10). Suppose -x - x = 78. Let d = p + x. What is the highest common divisor of 75 and d?
15
Let z(o) = -o**2 - 11*o + 11. Let u be z(-13). Let j(f) = -3*f + 7. Let h be j(-7). Let c = h + u. Calculate the greatest common factor of c and 26.
13
Suppose 6*i - 65 = i + d, 3*i - 5*d = 17. Suppose -i*o + 9 + 5 = 0. What is the greatest common factor of 18 and o?
1
Suppose 220 = 7*b - 2*b. Let x be 1/1*0/1. Suppose 3*d = 2*g - 35, x = g - 5*d - 0 - 7. What is the highest common divisor of g and b?
22
Suppose -4*v + 59 = -i, -5*v + i - 29 + 104 = 0. Suppose -2*f - 148 = -5*s - 5*f, 4*f = -s + 16. Calculate the greatest common divisor of v and s.
16
Suppose 3*r + 10974 = 2*a + r, -5*a + 4*r = -27438. Calculate the highest common factor of 18 and a.
18
Let j = -751 - -755. Calculate the highest common factor of j and 100.
4
Let a(s) = -s + 3. Suppose 0 = -k + 3*k. Let q be a(k). Suppose -4 = -q*h + 5. What is the highest common factor of h and 21?
3
Let r(z) = -27*z. Let b be r(-3). Let y = -413 - -422. Calculate the highest common factor of b and y.
9
Let m = -5 - -7. Suppose 2*u = -m*u + 48. Suppose 0 = -4*c + 20 + u. What is the highest common divisor of 32 and c?
8
Suppose 3*v = -5*v + 472. Let t = 169 + v. Calculate the highest common divisor of t and 12.
12
Let a be 3355/244 - (-3)/12. Let g = -253 - -365. Calculate the greatest common factor of a and g.
14
Let b(r) = 3*r**3 - 5*r**2 - 2*r - 5. Let a be b(4). Let i(x) = -2*x - 2 + 3 + 3 + a*x**2 - 3. Let h be i(1). Calculate the greatest common divisor of h and 14.
14
Suppose 10*d - 22*d = -792. Calculate the greatest common factor of d and 22.
22
Let p(l) be the first derivative of -7*l**2/2 + 2*l - 2. Let g be p(2). Let r be g/(-8) + 17/2. What is the greatest common factor of 80 and r?
10
Suppose -2*y - 80 = -5*h - 97, -y + 11 = -5*h. What is the highest common factor of y and 16?
2
Suppose -5*w + 177 = -r, -4*r = 4*w - r - 153. Let x be 98/8 - (-3 - (-65)/20). What is the highest common divisor of w and x?
12
Let u = 113 - 85. What is the highest common factor of u and 4?
4
Suppose -1 - 7 = 4*p - 5*d, 0 = 3*p + 3*d - 21. Suppose 5*o